st common factor of d and n?
8
Suppose -2*y + 4*c + 164 = 0, 2 + 10 = 4*c. Calculate the highest common divisor of 11 and y.
11
Let y(w) = w**2 + 8*w + 13. Let p be y(-7). Calculate the highest common factor of 54 and p.
6
Let m(h) = -h**2 - 6*h - 3. Let o be m(-5). What is the highest common factor of o and 4?
2
Suppose 0 = 2*j - 49 + 1. What is the greatest common factor of 24 and j?
24
Let h = -125 - -357. Calculate the greatest common factor of h and 29.
29
Let a = -47 - -52. What is the greatest common divisor of a and 25?
5
Suppose i + 973 = -5*o - 17, o - i = -204. Let j = o - -397. What is the greatest common divisor of 18 and j?
18
Suppose -4*b = 4, 0 = l - 0*b - 2*b - 172. Calculate the greatest common factor of 68 and l.
34
Suppose j = 4*j - 30. Let o = 3 + j. Calculate the highest common divisor of o and 52.
13
Suppose 4*c + 41 = -15. Let u = c - -18. Suppose -5*p = -p - 112. Calculate the greatest common divisor of p and u.
4
Let h = -126 - -161. Calculate the greatest common divisor of 35 and h.
35
Let v be (3 + -11)*(-2 - 0). Suppose 4*i + 5*t = 22, -2*t + 0*t + v = 4*i. What is the highest common divisor of i and 33?
3
Suppose -3*p + 61 = -2*p - o, 0 = 4*p - o - 229. Let f(w) = w**2 + w + 1. Let l be f(-3). Calculate the greatest common factor of l and p.
7
Let s(k) = -61*k - 8. Let z be s(-5). What is the greatest common divisor of 33 and z?
33
Suppose 9*f - 2*f = 98. What is the greatest common divisor of f and 112?
14
Suppose -3*v + 2*m + 40 = 0, 2*m = -3*m + 5. What is the highest common factor of v and 21?
7
Let l = 2 + 0. Suppose -3*w + 55 = l*w. Let c(b) = 54*b**3 + 1. Let r be c(1). What is the highest common divisor of r and w?
11
Suppose -15*r = -102 - 1218. Suppose -4*a + 2*l = -34, -2*l - 54 + 9 = -5*a. Calculate the highest common divisor of a and r.
11
Let h be 0/(2 - (0 - 0)). Suppose h = 2*b + 2*a + 5 + 1, -13 = b + 3*a. Let r be (-6 + 1)*b/(-2). What is the greatest common factor of r and 45?
5
Suppose 0 = 2*i + x - 10, i - 6*i - 5*x = -35. Suppose 29 = i*u + b, 47 = 6*u - u + 3*b. What is the greatest common factor of u and 70?
10
Suppose 7 = -2*f - l, 2*f - 5*l + 32 = -l. Let w be (4/f)/((-2)/3). Let u = 0 + w. Calculate the highest common divisor of u and 5.
1
Let l be 169/52 + 3/4. Calculate the greatest common divisor of 44 and l.
4
Suppose 0*p = -p. Suppose 0 = v + 4*d - 15, 2*d + p*d = -v + 13. Calculate the highest common divisor of v and 22.
11
Let d = -6 + 56. Suppose v + 125 = 2*v. What is the highest common factor of d and v?
25
Suppose j = -4*h - h + 232, 4*j + 222 = 5*h. Suppose -5*t = -0*t + 4*l - h, 3*l = 12. Suppose -t*o + 3*o = -441. What is the highest common divisor of 21 and o?
21
Let c = 12 + -6. Calculate the greatest common divisor of c and 2.
2
Suppose -b - 3*g + 2 = 0, 19 = 4*b - 2*b + 3*g. Suppose -5*y + b = -73. Let z = -39 + 57. Calculate the greatest common divisor of y and z.
18
Suppose -x = -3*q + 6*q - 242, -q + 79 = 2*x. What is the highest common divisor of q and 9?
9
Suppose 1 = j - 1. Suppose 0*p + j*p = 24. What is the greatest common divisor of p and 60?
12
Suppose -u - 22 = 5*j - 80, 0 = -3*j - 5*u + 26. Calculate the highest common divisor of 42 and j.
6
Let q = -68 - -131. Let a be -1 - (-2 - 11/(-1)). Let h(z) = z**2 + 10*z + 9. Let b be h(a). What is the highest common divisor of b and q?
9
Let h = 21 - 12. Suppose 0 = -2*l - h + 61. Calculate the greatest common factor of 13 and l.
13
Let c(m) = -m**3 + m**2 - m + 17. Let b be c(0). Suppose -2 = 3*f - b. Let s be 1/f - 42/(-15). What is the greatest common factor of 21 and s?
3
Let g(b) = -b**3 + 16*b**2 + 19*b - 21. Let n be g(17). Calculate the greatest common divisor of n and 65.
13
Let n = -157 - -190. Calculate the highest common divisor of n and 22.
11
Let h(w) = w - 5. Let j be h(3). Let l be 6*(j - 34/(-3)). What is the highest common divisor of l and 8?
8
Let j(o) = -o + 7. Let u be j(0). Let f be 2/((-1516)/(-504) - 3). Suppose -6*p + f = -2*p. Calculate the highest common divisor of p and u.
7
Suppose 0 = -9*l + 4*l + 255. Calculate the greatest common divisor of 17 and l.
17
Let q(l) = l**3 - 7*l**2 - 4*l + 3. Let s be q(8). Calculate the highest common factor of 175 and s.
35
Suppose 2*x = 2 + 12. Let m = x + 14. Calculate the highest common divisor of 63 and m.
21
Let r = 37 - 15. What is the highest common factor of r and 33?
11
Suppose 5*k = 535 + 70. Suppose y - 3*i = 5*y - k, 128 = 5*y - 4*i. What is the highest common divisor of 14 and y?
14
Suppose 2*o - 18 = -p - 0, 3*o + 5*p - 27 = 0. Let y = o + -6. What is the highest common divisor of y and 6?
3
Suppose 2*t + t + 3*u = -9, -3*t - 9 = -4*u. Let s be -1 + -1 - (t - -4). Let z be (-32 + 2)/(s/2). Calculate the highest common factor of z and 10.
10
Let z be (1/1 + 1)*(54 + 2). What is the greatest common factor of 28 and z?
28
Let r = -3 - 0. Let q(c) = -11*c - 1. Let n be q(r). Let i = -21 + n. What is the greatest common factor of 11 and i?
11
Suppose 40*i - 144 = 34*i. Calculate the highest common divisor of 18 and i.
6
Let u be 16/(-3)*(-36)/8. Let w be 400/u + 4/(-6). Calculate the greatest common divisor of 32 and w.
16
Suppose 2*n - 25 = w, 4*w - 3*w + 12 = n. Let b be -52*(-2 + (-3)/(-12)). What is the greatest common factor of b and n?
13
Let k(z) = -13*z + 2. Let u be k(-6). Suppose 2*d = 3*n - 7, -5*d + n - 5*n + 40 = 0. Suppose d*s - u = -0*s. What is the highest common factor of 140 and s?
20
Suppose -i + 20 = -52. Let z be ((-12)/4)/(1/3). Let b be 2/z + (-328)/(-18). Calculate the greatest common divisor of b and i.
18
Let x = 87 + -65. What is the highest common divisor of x and 33?
11
Let h(v) = v - 2. Let r be h(0). Let l = -6 + r. Let m be ((-45)/12)/(3/l). What is the greatest common factor of m and 5?
5
Suppose 3*a = -a + 1016. Suppose 3*j - a = 4*w + 372, 165 = -w + 5*j. Let r = -83 - w. What is the greatest common factor of 8 and r?
8
Let u = 9 - 5. Let c be (-4)/8 + (-82)/u. Let r = c - -33. What is the greatest common factor of r and 36?
12
Suppose 13*b - 693 = 10*b. What is the greatest common factor of 33 and b?
33
Suppose 0 = 2*h + 20 + 16. Let v = h - -20. Calculate the greatest common factor of v and 4.
2
Let d be -2 + 11 + (-1 - (6 - 4)). What is the highest common factor of 66 and d?
6
Let w = -32 - -109. Calculate the greatest common factor of 7 and w.
7
Suppose -d - 3*d + 20 = 0. Let m be (-85)/(-25) - 2/d. Suppose -3*a + 18 = -m*o, -3*a - 4*o = a - 16. What is the greatest common factor of 2 and a?
1
Let r(b) = -b**2 + b - 1. Let d be r(4). Let y = -9 - d. What is the highest common factor of 36 and y?
4
Let w = -4 - -14. What is the greatest common divisor of w and 10?
10
Let h(f) = 44*f + 8. Let n be h(6). What is the highest common divisor of 16 and n?
16
Let f be 2/2 + (-2)/(-1). Suppose 3*z + 6 = 3*h, -f*h = 2*h - 2*z - 4. Let u(b) = -b + 128. Let w be u(h). Calculate the highest common factor of w and 16.
16
Let i = 19 + -15. Let q = 21 + 7. What is the highest common divisor of q and i?
4
Let f = 45 - 35. Let u = 140 + -60. Calculate the highest common factor of u and f.
10
Suppose -b = -2*b + 1, -5*b = 3*z - 68. Calculate the greatest common factor of z and 147.
21
Let r be 9 - (3 + 0) - -4. Let o be (-210)/r*4/(-6). What is the greatest common divisor of o and 126?
14
Suppose 187 = 8*v - 149. What is the highest common divisor of 6 and v?
6
Let n = 16 + 18. Let b = -95 - -234. Let w = b - 88. Calculate the highest common factor of n and w.
17
Let k be 7/(-28) + (-25)/(-4). What is the greatest common factor of k and 2?
2
Suppose 0 = 8*x - 5*x - 12. What is the greatest common factor of x and 36?
4
Let n(j) = 10*j**2 + j - 1. Suppose -2*h + 7 = -3*q - 2*q, 4*h + 4*q = 0. Let d be n(h). Let u be (-9)/6*20/(-6). What is the highest common divisor of d and u?
5
Let d be ((-54)/21)/(3/(-14)). Let a = 86 - 58. Let t be a/(-4)*12/(-14). Calculate the highest common divisor of t and d.
6
Suppose -2*v + 4 = -0. Suppose 35 = 3*u + v*u. Let l be (1 - (2 - 4)) + 18*1. Calculate the greatest common factor of l and u.
7
Let m(s) = -s**3 - 6*s**2 - 7*s - 4. Let k be m(-5). What is the highest common factor of k and 30?
6
Let o = -18 - -20. What is the greatest common divisor of 3 and o?
1
Let x(j) = -4*j. Let w b